{"id":23,"date":"2021-09-24T12:32:36","date_gmt":"2021-09-24T12:32:36","guid":{"rendered":"https:\/\/www.kromikasit.com\/?page_id=23"},"modified":"2021-09-24T12:32:36","modified_gmt":"2021-09-24T12:32:36","slug":"sodyum-bikromat","status":"publish","type":"page","link":"https:\/\/www.kromikasit.com\/index.php\/sodyum-bikromat\/","title":{"rendered":"Sodyum Bikromat"},"content":{"rendered":"\n<p><strong>Sodyum bikromat<\/strong>&nbsp;<a href=\"https:\/\/tr.wikipedia.org\/wiki\/Sodyum\">Na<sub>2<\/sub><\/a><a href=\"https:\/\/tr.wikipedia.org\/wiki\/Krom\">Cr<sub>2<\/sub><\/a><a href=\"https:\/\/tr.wikipedia.org\/wiki\/Oksijen\">O<sub>7<\/sub><\/a>&nbsp;form\u00fcl\u00fcne sahip bir&nbsp;<a href=\"https:\/\/tr.wikipedia.org\/wiki\/%C4%B0norganik_bile%C5%9Fik\">inorganik bile\u015fiktir<\/a>. Ancak, genellikle tuz dihidrat Na<sub>2<\/sub>Cr<sub>2<\/sub>O<sub>7<\/sub>\u20222<a href=\"https:\/\/tr.wikipedia.org\/w\/index.php?title=Kristalle%C5%9Fme_suyu&amp;action=edit&amp;redlink=1\">H<sub>2<\/sub>O<\/a>&nbsp;olarak kullan\u0131l\u0131r. Neredeyse t\u00fcm krom cevheri, sodyum bikromata d\u00f6n\u00fc\u015ft\u00fcr\u00fclerek i\u015flenir ve neredeyse krom bazl\u0131 b\u00fct\u00fcn bile\u015fikler ve maddeler bu tuzdan haz\u0131rlan\u0131r. Reaktivite ve g\u00f6r\u00fcn\u00fcm a\u00e7\u0131s\u0131ndan, sodyum bikromat ve&nbsp;<a href=\"https:\/\/tr.wikipedia.org\/w\/index.php?title=Potasyum_bikromat&amp;action=edit&amp;redlink=1\">potasyum bikromat<\/a>&nbsp;\u00e7ok benzerdir. Bununla birlikte sodyum tuzu, suda potasyum tuzundan yakla\u015f\u0131k yirmi kat daha fazla \u00e7\u00f6z\u00fcn\u00fcr(0&nbsp;\u00b0C\u2019de 49 g\/L) ve&nbsp;<a href=\"https:\/\/tr.wikipedia.org\/wiki\/E%C5%9Fde%C4%9Fer_a%C4%9F%C4%B1rl%C4%B1k\">e\u015fde\u011fer a\u011f\u0131rl\u0131\u011f\u0131<\/a>&nbsp;da daha d\u00fc\u015f\u00fckt\u00fcr ki bu da genellikle istenen bir durumdur.<\/p>\n\n\n\n<p>T\u00fcm krom kimyasallar\u0131n\u0131n ana \u00e7\u0131k\u0131\u015f maddesi olan sodyum bikromat, suda kolay \u00e7\u00f6z\u00fcn\u00fcr. Tekstil sanayinde ve di\u011fer krom kimyasallar\u0131 \u00fcretiminde ana girdi olarak; deri ve k\u00fcrk sanayinde kromik asit ve krom pigmentlerinin \u00fcretiminde; kimya, kozmetik ve ila\u00e7 sanayinde; organik bile\u015fiklerin oksitlenmesinde; ah\u015fap malzeme koruyucu \u00fcretiminde; petrol ar\u0131t\u0131m\u0131nda kullan\u0131l\u0131r.<\/p>\n\n\n\n<figure class=\"wp-block-image size-large is-style-default\"><img loading=\"lazy\" width=\"768\" height=\"1024\" src=\"https:\/\/www.kromikasit.com\/wp-content\/uploads\/2021\/09\/Sodyum-Bikromat-2-1-768x1024.jpeg\" alt=\"sodyum bikromat\" class=\"wp-image-24\" srcset=\"https:\/\/www.kromikasit.com\/wp-content\/uploads\/2021\/09\/Sodyum-Bikromat-2-1-768x1024.jpeg 768w, https:\/\/www.kromikasit.com\/wp-content\/uploads\/2021\/09\/Sodyum-Bikromat-2-1-225x300.jpeg 225w, https:\/\/www.kromikasit.com\/wp-content\/uploads\/2021\/09\/Sodyum-Bikromat-2-1-1152x1536.jpeg 1152w, https:\/\/www.kromikasit.com\/wp-content\/uploads\/2021\/09\/Sodyum-Bikromat-2-1.jpeg 1536w\" sizes=\"(max-width: 768px) 100vw, 768px\" \/><\/figure>\n","protected":false},"excerpt":{"rendered":"<p>Sodyum bikromat&nbsp;Na2Cr2O7&nbsp;form\u00fcl\u00fcne sahip bir&nbsp;inorganik bile\u015fiktir. Ancak, genellikle tuz dihidrat Na2Cr2O7\u20222H2O&nbsp;olarak kullan\u0131l\u0131r. Neredeyse t\u00fcm krom cevheri, sodyum bikromata d\u00f6n\u00fc\u015ft\u00fcr\u00fclerek i\u015flenir ve neredeyse krom bazl\u0131 b\u00fct\u00fcn bile\u015fikler ve maddeler bu tuzdan haz\u0131rlan\u0131r. Reaktivite ve g\u00f6r\u00fcn\u00fcm a\u00e7\u0131s\u0131ndan, sodyum bikromat ve&nbsp;potasyum bikromat&nbsp;\u00e7ok benzerdir. Bununla birlikte sodyum tuzu, suda potasyum tuzundan yakla\u015f\u0131k yirmi kat daha fazla \u00e7\u00f6z\u00fcn\u00fcr(0&nbsp;\u00b0C\u2019de 49 g\/L) ve&nbsp;e\u015fde\u011fer<\/p>\n","protected":false},"author":1,"featured_media":0,"parent":0,"menu_order":0,"comment_status":"closed","ping_status":"closed","template":"","meta":[],"_links":{"self":[{"href":"https:\/\/www.kromikasit.com\/index.php\/wp-json\/wp\/v2\/pages\/23"}],"collection":[{"href":"https:\/\/www.kromikasit.com\/index.php\/wp-json\/wp\/v2\/pages"}],"about":[{"href":"https:\/\/www.kromikasit.com\/index.php\/wp-json\/wp\/v2\/types\/page"}],"author":[{"embeddable":true,"href":"https:\/\/www.kromikasit.com\/index.php\/wp-json\/wp\/v2\/users\/1"}],"replies":[{"embeddable":true,"href":"https:\/\/www.kromikasit.com\/index.php\/wp-json\/wp\/v2\/comments?post=23"}],"version-history":[{"count":1,"href":"https:\/\/www.kromikasit.com\/index.php\/wp-json\/wp\/v2\/pages\/23\/revisions"}],"predecessor-version":[{"id":25,"href":"https:\/\/www.kromikasit.com\/index.php\/wp-json\/wp\/v2\/pages\/23\/revisions\/25"}],"wp:attachment":[{"href":"https:\/\/www.kromikasit.com\/index.php\/wp-json\/wp\/v2\/media?parent=23"}],"curies":[{"name":"wp","href":"https:\/\/api.w.org\/{rel}","templated":true}]}}